 + c*o + 6 = 0. List the prime factors of (-4 - o)/((-1)/5).
5
Let y(u) = 13*u + 25. List the prime factors of y(11).
2, 3, 7
Let f be 14 - (2/(-2) + 1). Suppose m + 2*p - f = -3*p, 0 = -p. List the prime factors of m.
2, 7
Let s(k) = 2*k**2 + 4*k + 3. Let o be s(-2). Suppose 5*b + c + o*c - 75 = 0, 1 = -b - 4*c. What are the prime factors of b?
19
Let w = 46 - 13. What are the prime factors of w?
3, 11
Let o(k) = -k**3 + 4*k**2 + 4*k + 3. Let z be o(6). List the prime factors of 345/27 - 10/z.
13
What are the prime factors of 5/15*(-234)/(-3)?
2, 13
Suppose 0*z - 12 = -3*z. Let b be (8 - 2)/(6/z). Suppose 3*g + 3*o - 32 = o, b*o + 46 = 5*g. What are the prime factors of g?
2, 5
Suppose g = -3*t + 6, -t = 3*g + 2*g + 12. What are the prime factors of (-1 + t)/(4/76)?
2, 19
Let l = 1 - -2. Suppose l*b = -b. Suppose -3*h = 5*f + 2*h, b = -5*h - 15. List the prime factors of f.
3
What are the prime factors of 0 + 4/(-2 - -4)?
2
Suppose f = 2*f - 16. Suppose 5*w = 5*l, 0*w - 4*w + f = 4*l. List the prime factors of w/(-7) - 90/(-21).
2
Let y be (20/(-25))/((-2)/5). Suppose 2*n = 14 + y. List the prime factors of n.
2
Suppose y + 34 = 5*g + 4*y, -g = -4*y + 7. Suppose 5*p - 250 - g = 0. Suppose 4*n - p = 1. What are the prime factors of n?
13
Let h(g) = -5*g - 3. What are the prime factors of h(-6)?
3
Let l(h) = -16*h**2 - 16*h + 26. Let f(y) = -3*y**2 - 3*y + 5. Let d(v) = -11*f(v) + 2*l(v). What are the prime factors of d(-5)?
17
Let h = -3 - -4. Let t be -3*(h - 15/9). Suppose 4*q = -t*y + 42, -1 = -q + 2*y + 7. List the prime factors of q.
2, 5
Suppose -2*z = -t + 5*t - 278, t + 3*z - 57 = 0. What are the prime factors of t?
2, 3
Let z be (0 + 174/2)*1. Suppose 37 = 2*v - 5*y, -2*v + 5*y = -4*v + z. What are the prime factors of v?
31
Let d(u) = u**2 + 13*u + 14. Let s be d(-12). Let i(j) = -5*j**s - 3*j**3 - 5*j - 2*j**3 + 1 + 6*j**3 + 1. List the prime factors of i(6).
2
Let p(a) = -a + 6. Let s(g) = -g + 5. Let i be s(10). What are the prime factors of p(i)?
11
Suppose -2*g = 3*g - 75. Suppose 3*u = 4*u + 4*a - 10, 0 = -u + 5*a - 26. Let i = u + g. List the prime factors of i.
3
Let x(z) = z**2 - 8*z - 1. Let j be x(8). Let i(v) = -26*v**3 + 2*v + 2. List the prime factors of i(j).
2, 13
List the prime factors of 0 + (-404)/(-8) + 2/(-4).
2, 5
Let b(k) = k**2 - 4*k - 2. Let m be -1 + -1 - (1 - 6). Let z be b(m). List the prime factors of z/((0 + 1)/(-1)).
5
Let y = 20 + -11. Let k = y + 8. List the prime factors of k.
17
Let w = 8 - 3. Let a(z) = -w*z - 3*z + 11 + 10*z**2 - 3*z + z**3 + 0*z. What are the prime factors of a(-11)?
11
Suppose 3*o + 4 - 13 = 0. Suppose -o*i + 6 = -21. What are the prime factors of i?
3
Suppose 12 = -2*h - 5*i, -2*i - 3*i - 28 = -2*h. Let y(k) = 0 - k**3 + k + 5*k**2 - 2 - 2*k. What are the prime factors of y(h)?
2, 5
Let q(d) = -d**2 + 6*d - 4. Let j be (3/2)/((-5)/(-10)). List the prime factors of q(j).
5
Let v = -7 - -10. Suppose -35 = -v*y - 2*y. Let j = 17 - y. List the prime factors of j.
2, 5
Let h be -2 - (0 + -1 - -1). Let k be 32/2 - (h + 4). Let d = k - 4. What are the prime factors of d?
2, 5
Let v = -29 + 17. Suppose 0*o = 2*o. Let y = o - v. What are the prime factors of y?
2, 3
Let m = -72 + 110. What are the prime factors of m?
2, 19
Suppose j + 1 - 5 = 0. Suppose 21 + 39 = j*f. What are the prime factors of f?
3, 5
Let v(w) be the first derivative of w**4/2 - 2*w**3/3 - 3*w**2/2 - 4*w + 2. Let c be v(3). Let t = -13 + c. What are the prime factors of t?
2, 5
Let v(t) = -t**3 - 4*t**2 - 2*t. Let s be v(-5). Let x = -19 + s. What are the prime factors of x?
2
List the prime factors of 3/9 - (-2276)/12.
2, 5, 19
Let u = -207 - -350. List the prime factors of u.
11, 13
List the prime factors of (-116)/(-6)*9/6.
29
Let c(h) = 8*h**2 - 2*h**2 + h**2 + 3*h - 1. Let g be c(2). Suppose q + 0*o = -o + 12, 5*q - g = 4*o. List the prime factors of q.
3
Let g = 6 - 11. Let h = -2 - g. Suppose -h*f - 7 = -52. What are the prime factors of f?
3, 5
Let b(y) = -9*y. Let i be b(-2). List the prime factors of i/63 + (-192)/(-14).
2, 7
Let b(z) = -z**3 + 6*z**2 - 6*z + 3. Let d be b(5). Let f = 0 + d. List the prime factors of f/(0 + 1 + -2).
2
Suppose 32 + 31 = l. Suppose -5*b + 72 = -l. What are the prime factors of b?
3
Let p be 5 - 6/(2 - 0). Suppose 3*x - f + p*f = 52, 4*x - 61 = -3*f. What are the prime factors of x?
19
Suppose 0 = -4*g + 502 + 614. List the prime factors of g.
3, 31
Suppose 45 = v + 5*d, 4*v - 92 = -5*d + 73. Suppose -5 - v = 3*b. What are the prime factors of (b/10)/((-3)/32)?
2
Let y be (-1)/(-2)*-6 - 6. Let v = y - -15. What are the prime factors of v?
2, 3
Suppose -4*u - p + 68 = -0*p, -40 = -3*u + 2*p. Suppose -r + u = -34. Suppose 0*f = -5*f + r. What are the prime factors of f?
2, 5
Let j = -33 + 58. What are the prime factors of j?
5
Suppose a + 1 - 35 = 0. List the prime factors of a.
2, 17
Let w(o) = -5*o - 4. Let s be w(-4). Suppose 3*k + 4 = 2*u, 0 = 2*k - 4*u - 0*u + s. List the prime factors of k.
2
List the prime factors of (-772)/(-16) + (-1)/4.
2, 3
Suppose 0 = -4*j - 4*m - m + 194, -4*j + 5*m + 214 = 0. What are the prime factors of j?
3, 17
Suppose 0 = -2*z - 21 + 115. What are the prime factors of z?
47
Let b be (2 + (-2 - -1))*0. Suppose b = d - 4 - 10. What are the prime factors of d/6 + (-6)/(-9)?
3
Let c be 82/(-1 - 4/4). Let q = 68 + c. List the prime factors of q.
3
Let p = 112 + 109. List the prime factors of p.
13, 17
What are the prime factors of 123 + 20 - (-1 - (-2 - -3))?
5, 29
Suppose 13 = 3*m + 55. Let b = -6 - m. Suppose -5*q + b = -3*q. List the prime factors of q.
2
Suppose -19 = -2*l + 5. List the prime factors of l.
2, 3
Let p(z) be the third derivative of 5*z**4/3 + 3*z**2. Let f(g) = 13*g. Let j(s) = -7*f(s) + 2*p(s). List the prime factors of j(-1).
11
Let t = 17 - 13. Suppose -t*o + 17 = -43. List the prime factors of o.
3, 5
Let s be 1 - (-37)/(-2)*-2. Let l = s + -26. What are the prime factors of l?
2, 3
Let m(p) = 8*p**2 + 5*p - 1. List the prime factors of m(2).
41
Let k(v) = -11*v. Suppose 0 = 2*f + 5*w - 18, -w = -3 + 1. Suppose 0 = 4*j + 8 - f. What are the prime factors of k(j)?
11
Let j = 8 - 8. Suppose 0 = -j*a - 4*a + 164. Let g = a - 29. What are the prime factors of g?
2, 3
Let n = 7 + 29. Let p be ((-2)/(-2) - 1)/(-2). Suppose 0 = 3*x, 2*s + p*s - 4*x = n. List the prime factors of s.
2, 3
Let w(t) = t**3 - 7*t**2 - 1. Let r be w(7). List the prime factors of 3/((-1)/(r/1)).
3
Let j = -81 - -154. Let x = j - 51. List the prime factors of x.
2, 11
Let p be (4/(-2))/(-2 + 1). Let b = 3 - p. Suppose b - 24 = -w - 5*f, -2*f - 22 = -2*w. What are the prime factors of w?
13
Suppose -2*i + 4 = 5*h, h + 3*h + 8 = 4*i. Suppose -k + 5*k + 12 = h. Let t = 20 + k. What are the prime factors of t?
17
List the prime factors of -1*((-8)/(-4 + 8) + -193).
3, 5, 13
Let y = -14 + 0. Let o = 28 + y. List the prime factors of o.
2, 7
Let i = 3 + -1. Let w = 7 + i. What are the prime factors of w?
3
Let w be 4 - (0 - (0 - 1)). Let x(g) = 4*g**3 - 3*g**w + 2*g**2 + 5*g**2 + 9 + 4*g. List the prime factors of x(-6).
3, 7
Let c(v) = -3*v + 9 + 0*v + 4*v + 0*v. Suppose 0*a - 5*h = a - 21, 0 = -2*a + 2*h - 18. What are the prime factors of c(a)?
5
Let r(v) = 8*v + 14. List the prime factors of r(16).
2, 71
List the prime factors of ((-18)/(-8))/((-4)/(-32)).
2, 3
Let u = 64 + 293. What are the prime factors of u?
3, 7, 17
Let m(w) = w**3 - w + 5. Let k be m(0). Suppose -k*a - 5*c + c + 22 = 0, -a - 3*c = 0. Let v = a - 3. What are the prime factors of v?
3
Suppose 3*d + 4*i - 220 = -0*i, 4*i = -4*d + 292. What are the prime factors of d?
2, 3
Suppose 1 + 35 = 3*n. Suppose z + n = 3*z. List the prime factors of z.
2, 3
Suppose -2*m = -4*m. Suppose m = 3*w + 6 + 3. Let d = w + 23. What are the prime factors of d?
2, 5
What are the prime factors of (-1)/2*-367 - 1/2?
3, 61
Suppose 3*d - 43 = 17. Suppose 0 = u + 3*u - d. Suppose 5*k + 25 = h, -5*h + 35 = -2*h - u*k. What are the prime factors of h?
5
Suppose -4*w = -2*y + 82, -2*w - 53 = 5*y + 6. Let a = 36 + w. What are the prime factors of a?
2, 7
Let u = -4 + 1. List the prime factors of (1 - (7 + u))*-2.
2, 3
Let o be (-6)/21 - 205/(-7). Let s be -4*3/(-12)*o. Let d = 43 - s. What are the prime factors of 